z + 282. Suppose 7*p - z + 30 = 0. Suppose k + 52 = 2*u + 3*k, 0 = u - k - p. List the prime factors of u.
31
Let u be 1/2*(1 - -1). Let z(p) = -40*p**2 - 2. Let j(o) = -41*o**2 - 3. Let c(i) = 2*j(i) - 3*z(i). List the prime factors of c(u).
2, 19
Let b be (-10)/(-45) - (-14)/18. Let q(z) = -z**2 + z. Let k be q(b). What are the prime factors of 2 - 0 - k - -36?
2, 19
Suppose -153 = 2*a - 5*z, 2*z = 5*a - 2*a + 235. Let h = -44 - a. List the prime factors of h.
5, 7
Let p(y) = -2 + 5 - 6 - 2*y. Suppose -10 = 3*v + 2. What are the prime factors of p(v)?
5
Let u(v) = -3*v + 30. Let c be u(6). Let h(r) be the second derivative of r**5/20 - r**4 + r**3/3 - 13*r**2/2 + r. List the prime factors of h(c).
11
Let v(g) be the first derivative of -g**2 + 21*g - 2. Let q be v(9). Suppose 5*m - 25 = 0, -3*x + 0*x + q*m + 57 = 0. What are the prime factors of x?
2, 3
Let r(f) be the second derivative of f**4/12 + f**3/2 - 11*f**2/2 - 8*f. Let w be r(-5). What are the prime factors of w + 12 + 2 + -2?
11
Let p = -151 + 50. Let x = p - -160. List the prime factors of x.
59
What are the prime factors of (72/(-10))/(26/(-1885))?
2, 3, 29
Let y(h) = -h**2 - 14*h + 1 + 4*h - 2*h - 2. Suppose 42 = -4*a + 5*b, 0 = -4*a + 6*b - 2*b - 40. List the prime factors of y(a).
31
Let g(w) = w + 16. Let p be g(-14). Let z(j) = -2*j**2 + 17 - 40*j + p*j**2 + j**3 + 38*j. What are the prime factors of z(0)?
17
Suppose -4*l = -21 - 75. List the prime factors of -2 - 7/(-4) - (-1806)/l.
3, 5
Let n = -2 + -4. Let b be (-7 - n)/(2/(-58)). List the prime factors of b + 9/(-3) + 1.
3
Let k(n) = -n + 13. Let h be k(11). Suppose h*u + 36 - 70 = 0. What are the prime factors of u?
17
Let r = 7 - 7. Suppose r = -n - 4*n + 65. Suppose -4*q + 5*l + n + 127 = 0, 0 = -5*q + 4*l + 166. List the prime factors of q.
2, 3, 5
Let d = 17 + 7. Suppose -c - 2*a - d = 0, c - 3*a + 45 = 2*a. List the prime factors of (-20)/6*144/c.
2
Let x(d) = 4*d - 3. Let g be x(0). Let o(a) = 26*a**2 - a + 10. What are the prime factors of o(g)?
13, 19
List the prime factors of 6/1 - (-5 - 455).
2, 233
Let m(w) = -75*w**3 + w**2 - 1. Let q be m(-1). Suppose 88*r = 57*r + 93. Suppose r*i - 15 = 0, -k = -i + 5*i - q. List the prime factors of k.
5, 11
Let f(l) = 3*l**3 + 9*l**2 + 2*l + 3. Let x(z) = z**3 + z**2 + z + 1. Let t(y) = f(y) - 2*x(y). List the prime factors of t(-5).
3, 17
List the prime factors of (-1)/(-2) + (-5 - (-32043)/22).
2, 3, 11
Let x(o) = -41*o**3 - o**2 - o + 5. Let k(m) = 41*m**3 + m**2 + m - 6. Let z(t) = 4*k(t) + 5*x(t). Let b be z(1). List the prime factors of 4/(-14) + (-978)/b.
23
Suppose -9*p + 3*p = -60. What are the prime factors of (p/4 - 3)*-12?
2, 3
Let f = -129 + 132. Suppose -r - 65 = -f*n + 34, 3*n + 4*r - 84 = 0. List the prime factors of n.
2
Let j = -487 - -1065. What are the prime factors of j?
2, 17
Let k(v) = -1614*v + 7. What are the prime factors of k(-1)?
1621
Suppose 5*c + 28 = -t + 3*t, 4*c + 4 = -3*t. Suppose -28 = t*h - q, h + 5*q - 1 - 13 = 0. List the prime factors of 6 - (h/(-2) - 3).
2, 3
Let o = -42 - -40. Let q(u) = -8*u**3 - 3*u**2 - u + 2. What are the prime factors of q(o)?
2, 7
Suppose 7 + 59 = 3*v. List the prime factors of v.
2, 11
Let d = -209 - -193. Let z(j) = -j**3 + j**2 - 4. Let v be z(-3). List the prime factors of v/2 + 0/d.
2
Let f(a) = -36*a + 4. Suppose -9*g + 38 - 110 = 0. What are the prime factors of f(g)?
2, 73
Suppose 2*u = -2*u + u. List the prime factors of (1 - 0) + 3 + (u - -171).
5, 7
Let a = 46 - -177. Let w = a - 89. Suppose g + q = -4*g + w, -94 = -3*g - 4*q. List the prime factors of g.
2, 13
List the prime factors of 6/5*(692 + (-4 - -7)).
2, 3, 139
Suppose -6*g + 194 + 586 = 0. Let r = -70 + g. What are the prime factors of r?
2, 3, 5
Suppose -4*g + 5 - 13 = 0, -2*g = 5*b - 6856. List the prime factors of b.
2, 7
Let r = 66 + -59. Let h(n) = 18*n + 13. What are the prime factors of h(r)?
139
Let y(v) = 45*v + 76. What are the prime factors of y(14)?
2, 353
Suppose -5*c - 3149 = -6*c + 5*l, 2*c - 5*l = 6323. What are the prime factors of c?
2, 3, 23
Suppose -251 - 1621 = -8*y. Suppose 0*o = -2*o + y. What are the prime factors of o?
3, 13
What are the prime factors of (1260/75)/(459/(-465) + 1)?
2, 3, 7, 31
Let p(f) = f**2 - 7*f + 25. What are the prime factors of p(-13)?
3, 5, 19
Let q = -167 + 192. List the prime factors of q.
5
Let w(z) = z**3 + 7*z**2 + 7*z + 2. Let d be w(-5). Suppose 10 = 2*l, d = -h - l + 68. List the prime factors of h.
2, 23
Let u = -847 - -2338. What are the prime factors of u?
3, 7, 71
Let p(s) = -1. Let y(j) = -10*j - 12. Let u(a) = -6*p(a) + y(a). Let x be u(-3). What are the prime factors of ((-34)/3)/((-16)/x)?
17
What are the prime factors of (-43132)/(-44) + (-6)/22?
2, 5, 7
Let m(l) be the second derivative of l**4/12 - 5*l**3/3 + 5*l**2/2 + 5*l. Let v be m(9). Let s(u) = 2*u**2 + u + 7. List the prime factors of s(v).
5, 7
List the prime factors of (-1*-2*1)/(1/58).
2, 29
Let w = -4 - -6. Suppose 3*k - w*k = 3*s - 5, 0 = k - 4. Suppose -j + 4 = -s. What are the prime factors of j?
7
Suppose 5*h + 0*h = -25. Let b(q) = -q**2 - 10*q - 9. Let y be b(-6). List the prime factors of y/2*(-28)/h.
2, 3, 7
Suppose 5*s - 115 = 10*s. Let g = 80 + s. List the prime factors of g.
3, 19
Suppose 0 = -3*b - 8*b - 66. Let r(s) = 2*s**2 - s + 9. List the prime factors of r(b).
3, 29
Let o = -5 + 7. Suppose -6 + 2 = -o*c, -5*j + 2*c = -616. What are the prime factors of j?
2, 31
Suppose -15*f = 5*c - 17*f - 10208, -2032 = -c - 2*f. List the prime factors of c.
2, 3, 5, 17
Let g be (4 + -4 - 1)*-1. Let y(i) be the third derivative of 2*i**4 - 5*i**2. List the prime factors of y(g).
2, 3
What are the prime factors of 8/(-6) - (4654/(-39) + -8)?
2, 3, 7
Suppose -g + 12 = t, t = -3*g - 3*t + 32. Suppose g*s = 12*s - 28. Let d = -3 - s. What are the prime factors of d?
2
What are the prime factors of 5/10*6 + -2 + 1877?
2, 3, 313
Let g be ((-1)/(-3))/(9/162). Suppose g*q + 765 = q. List the prime factors of (-4302)/q - 2/17.
2, 7
Let j(v) = 7*v + 7. Let p be j(-7). Let q be 6/((p/8)/(-7)). Suppose 0*z - q = 4*z, 3*z = -3*y + 39. List the prime factors of y.
3, 5
Suppose 0 = -4*a - t + 478, 3*a - 435 = 5*t - 88. List the prime factors of a.
7, 17
Suppose 2*x = -q - 2*q + 5507, -13781 = -5*x - 3*q. What are the prime factors of x?
2, 7, 197
Suppose -4 - 14 = 3*m. Let x be ((-117)/26)/(m/8). Suppose -222 = -4*d - x. What are the prime factors of d?
2, 3
Suppose 0*j + 266 = 2*j. Let i = -80 + j. List the prime factors of i.
53
Suppose 20655 = 10*b - 7025. What are the prime factors of b?
2, 173
Suppose 0 = y + 5*d + 4, 2*y + 32 = y + 2*d. Let s = y - -77. What are the prime factors of s?
53
Let k = -702 - -3147. What are the prime factors of k?
3, 5, 163
Let d(n) = n - 1. Let j(r) = 4*r - 3. Let i(a) = 3*d(a) - j(a). Let x be i(-9). Suppose 2*o - 9 = x. List the prime factors of o.
3
Suppose -4793 = 20*x - 15093. List the prime factors of x.
5, 103
Let d = 2 + 1. Suppose -d*q = -5*t + 11 - 48, 5*q + 4*t = 0. Let o(z) = z**3 - 3*z**2 + 3*z - 1. What are the prime factors of o(q)?
3
Let v be 14/4 + 2/(-4). Suppose -37 = -j + 4*b, v*j - 4*b - 97 + 10 = 0. List the prime factors of ((-20)/j)/((-2)/80).
2
Let b(v) be the second derivative of v**6/180 - v**5/120 - 5*v**4/24 + v**3/2 - 3*v. Let h(f) be the second derivative of b(f). List the prime factors of h(4).
23
Suppose -18 - 82 = 2*h. Let j = -21 - h. What are the prime factors of j?
29
Let p = -346 - -375. List the prime factors of p.
29
Let r(t) = 9*t**2 - 3*t + 6. Suppose 8*m - 14 = 18. What are the prime factors of r(m)?
2, 3, 23
Let v = -218 + 317. Suppose -4*k + 132 = 5*h - h, -3*h = -5*k - v. What are the prime factors of h?
3, 11
Let l(a) = 0*a - 36*a + 9*a - 6. Suppose -30 = 5*r - 0*s - 5*s, -3*r - 4*s = -10. List the prime factors of l(r).
2, 3
Let g be (-1 + 0 - 0)/((-24)/(-24)). List the prime factors of 811/5 + (-8)/(-10) + g.
2, 3
Let g be (3/(-5))/((-406)/135 + 3). List the prime factors of g - (-3 + -15*(-2)/6).
79
Let o(y) = -y**3 + 35*y**2 - 35*y + 22. Let l be o(34). Suppose 4*r + 2*u = -46 + 8, 2*r + 16 = -4*u. Let n = r - l. What are the prime factors of n?
2
Let a(o) = -32*o**3 - 5*o**2 + 3*o + 15. List the prime factors of a(-4).
3, 73
Let m(